{"id":273,"date":"2020-11-23T19:48:40","date_gmt":"2020-11-23T18:48:40","guid":{"rendered":"http:\/\/boutique.sastriathlon37.com\/?post_type=product&#038;p=273"},"modified":"2025-11-09T20:12:41","modified_gmt":"2025-11-09T19:12:41","slug":"collant-long-hiver-homme-et-enfant-edwar","status":"publish","type":"product","link":"https:\/\/boutique.sastriathlon37.com\/index.php\/produit\/collant-long-hiver-homme-et-enfant-edwar\/","title":{"rendered":"Collant long hiver homme et enfant &#8211; EDWAR"},"content":{"rendered":"<p>Le collant cyclisme technique EDWAR, de la gamme COURSE, dot\u00e9 de <strong>bretelles a\u00e9r\u00e9es microfibre<\/strong>, offre<strong> un confort et un maintien parfait<\/strong>. Enti\u00e8rement <strong>trait\u00e9 DWR\u00ae<\/strong> pour une meilleure<strong> protection au froid<\/strong>, sa base \u00e0 la <strong>technologie ThermoXTENS\u00ae<\/strong> apporte un total confort pour vos<strong> sorties hivernales<\/strong>.<\/p>\n<ul>\n<li>Coupe \u00e9pousant parfaitement votre morphologie<\/li>\n<li><strong>Mati\u00e8re chaude, isolante et respirante<\/strong> avec la technologie ThermoXTENS\u00ae<\/li>\n<li>Base unie en <strong>ThermoXTENS\u00ae 250g<\/strong><\/li>\n<li>Enti\u00e8rement <strong>trait\u00e9 DWR\u00ae<\/strong>\u00a0<strong><br \/>\n<\/strong><\/li>\n<li><strong>Bretelles souples et a\u00e9r\u00e9es<\/strong> en microfibre<\/li>\n<li><strong>Sans couture entrejambe\u00a0<\/strong>pour \u00e9viter les frottements<\/li>\n<li>Bandes <strong>antiglisse<\/strong> aux chevilles<\/li>\n<\/ul>\n<p><a href=\"http:\/\/boutique.sastriathlon37.com\/wp-content\/uploads\/2025\/01\/Guide_des_tailles_POLI_sept_2023.pdf\" target=\"_blank\" rel=\"noopener\">Consultez le guide des tailles <\/a><\/p>\n<p><a href=\"http:\/\/boutique.sastriathlon37.com\/wp-content\/uploads\/2025\/01\/Guide_des_tailles_POLI_sept_2023.pdf\" target=\"_blank\" rel=\"noopener\"><img decoding=\"async\" loading=\"lazy\" class=\"alignnone wp-image-993 size-medium\" src=\"http:\/\/boutique.sastriathlon37.com\/wp-content\/uploads\/2020\/11\/guide-des-tailles-300x212.jpg\" alt=\"\" width=\"300\" height=\"212\" srcset=\"https:\/\/boutique.sastriathlon37.com\/wp-content\/uploads\/2020\/11\/guide-des-tailles-300x212.jpg 300w, https:\/\/boutique.sastriathlon37.com\/wp-content\/uploads\/2020\/11\/guide-des-tailles-1024x723.jpg 1024w, https:\/\/boutique.sastriathlon37.com\/wp-content\/uploads\/2020\/11\/guide-des-tailles-768x542.jpg 768w, https:\/\/boutique.sastriathlon37.com\/wp-content\/uploads\/2020\/11\/guide-des-tailles-1536x1084.jpg 1536w, https:\/\/boutique.sastriathlon37.com\/wp-content\/uploads\/2020\/11\/guide-des-tailles-600x423.jpg 600w, https:\/\/boutique.sastriathlon37.com\/wp-content\/uploads\/2020\/11\/guide-des-tailles.jpg 1692w\" sizes=\"(max-width: 300px) 100vw, 300px\" \/><\/a><\/p>\n<p>&nbsp;<\/p>\n","protected":false},"excerpt":{"rendered":"<p>Le collant cyclisme technique EDWAR, de la gamme COURSE, dot\u00e9 de bretelles a\u00e9r\u00e9es microfibre, offre un confort et un maintien parfait. Enti\u00e8rement trait\u00e9 DWR\u00ae pour une meilleure protection au froid, sa base \u00e0 la technologie ThermoXTENS\u00ae apporte un total confort pour vos sorties hivernales. Coupe \u00e9pousant parfaitement votre morphologie Mati\u00e8re chaude, isolante et respirante avec <a class=\"read-more\" href=\"https:\/\/boutique.sastriathlon37.com\/index.php\/produit\/collant-long-hiver-homme-et-enfant-edwar\/\">READ MORE<\/a><\/p>\n","protected":false},"featured_media":313,"template":"","meta":[],"product_cat":[16,19,18,22],"product_tag":[],"jetpack_sharing_enabled":true,"_links":{"self":[{"href":"https:\/\/boutique.sastriathlon37.com\/index.php\/wp-json\/wp\/v2\/product\/273"}],"collection":[{"href":"https:\/\/boutique.sastriathlon37.com\/index.php\/wp-json\/wp\/v2\/product"}],"about":[{"href":"https:\/\/boutique.sastriathlon37.com\/index.php\/wp-json\/wp\/v2\/types\/product"}],"wp:featuredmedia":[{"embeddable":true,"href":"https:\/\/boutique.sastriathlon37.com\/index.php\/wp-json\/wp\/v2\/media\/313"}],"wp:attachment":[{"href":"https:\/\/boutique.sastriathlon37.com\/index.php\/wp-json\/wp\/v2\/media?parent=273"}],"wp:term":[{"taxonomy":"product_cat","embeddable":true,"href":"https:\/\/boutique.sastriathlon37.com\/index.php\/wp-json\/wp\/v2\/product_cat?post=273"},{"taxonomy":"product_tag","embeddable":true,"href":"https:\/\/boutique.sastriathlon37.com\/index.php\/wp-json\/wp\/v2\/product_tag?post=273"}],"curies":[{"name":"wp","href":"https:\/\/api.w.org\/{rel}","templated":true}]}}

<p>Le collant cyclisme technique EDWAR, de la gamme COURSE, doté de <strong>bretelles aérées microfibre</strong>, offre<strong> un confort et un maintien parfait</strong>. Entièrement <strong>traité DWR®</strong> pour une meilleure<strong> protection au froid</strong>, sa base à la <strong>technologie ThermoXTENS®</strong> apporte un total confort pour vos<strong> sorties hivernales</strong>.</p>
<ul>
<li>Coupe épousant parfaitement votre morphologie</li>
<li><strong>Matière chaude, isolante et respirante</strong> avec la technologie ThermoXTENS®</li>
<li>Base unie en <strong>ThermoXTENS® 250g</strong></li>
<li>Entièrement <strong>traité DWR®</strong> <strong><br />
</strong></li>
<li><strong>Bretelles souples et aérées</strong> en microfibre</li>
<li><strong>Sans couture entrejambe </strong>pour éviter les frottements</li>
<li>Bandes <strong>antiglisse</strong> aux chevilles</li>
</ul>
<p><a href="http://boutique.sastriathlon37.com/wp-content/uploads/2025/01/Guide_des_tailles_POLI_sept_2023.pdf" target="_blank" rel="noopener">Consultez le guide des tailles </a></p>
<p><a href="http://boutique.sastriathlon37.com/wp-content/uploads/2025/01/Guide_des_tailles_POLI_sept_2023.pdf" target="_blank" rel="noopener"><img decoding="async" loading="lazy" class="alignnone wp-image-993 size-medium" src="http://boutique.sastriathlon37.com/wp-content/uploads/2020/11/guide-des-tailles-300x212.jpg" alt="" width="300" height="212" srcset="https://boutique.sastriathlon37.com/wp-content/uploads/2020/11/guide-des-tailles-300x212.jpg 300w, https://boutique.sastriathlon37.com/wp-content/uploads/2020/11/guide-des-tailles-1024x723.jpg 1024w, https://boutique.sastriathlon37.com/wp-content/uploads/2020/11/guide-des-tailles-768x542.jpg 768w, https://boutique.sastriathlon37.com/wp-content/uploads/2020/11/guide-des-tailles-1536x1084.jpg 1536w, https://boutique.sastriathlon37.com/wp-content/uploads/2020/11/guide-des-tailles-600x423.jpg 600w, https://boutique.sastriathlon37.com/wp-content/uploads/2020/11/guide-des-tailles.jpg 1692w" sizes="(max-width: 300px) 100vw, 300px" /></a></p>
<p>&nbsp;</p>

<p>Le collant cyclisme technique EDWAR, de la gamme COURSE, doté de bretelles aérées microfibre, offre un confort et un maintien parfait. Entièrement traité DWR® pour une meilleure protection au froid, sa base à la technologie ThermoXTENS® apporte un total confort pour vos sorties hivernales. Coupe épousant parfaitement votre morphologie Matière chaude, isolante et respirante avec <a class="read-more" href="https://boutique.sastriathlon37.com/index.php/produit/collant-long-hiver-homme-et-enfant-edwar/">READ MORE</a></p>
